 u(4). Let i = z - -61. What is the tens digit of i?
1
Suppose -u + 2 = -p + 5, -u - 3 = 0. Suppose -5*i + 13 = -3*s + 1, p = -i - 5*s + 8. Suppose o - i*o = -28. What is the tens digit of o?
1
Let s(m) = -m**2 - 6*m - 5. Let a be s(-4). Let h = 1 + a. Let p = 7 - h. What is the units digit of p?
3
Let a be 2 - ((-20)/1 - -2). Suppose -x - a = -5*o - 6*x, 4*o - 8 = 4*x. Suppose 30 = 3*r + o. What is the units digit of r?
9
Suppose -5*t - 132 = -2*f + 37, 4*f + 2*t = 326. What is the units digit of f?
2
Let q = 4 - 1. Let a = q - 15. Let t = a - -26. What is the tens digit of t?
1
Let f(s) = 4*s. Let l be f(-2). Let n = l + 11. Suppose k - 7 = 4*p, -5*p + 2*p = n. What is the units digit of k?
3
Let s = 23 - -164. What is the units digit of s?
7
Let l(k) = k - 8. Let m be l(0). Let i = 13 + m. Suppose i*h - 1 = 54. What is the units digit of h?
1
Let w = -5 + -5. Let g = -6 - w. What is the units digit of g?
4
Suppose -4*z + 14 = 2. Suppose 2*s - 5*t + 35 = 7*s, z*s - t - 1 = 0. What is the units digit of s?
2
Suppose -o - 233 = -2*l, 0 = -4*l - l - o + 586. What is the units digit of l?
7
Suppose 0 = -10*v + 4*v + 738. What is the hundreds digit of v?
1
Suppose -2*d = 2*d - 12. Suppose -23 = -2*u - l, -3*l + 0*l = -d*u + 12. What is the units digit of u?
9
Suppose -2*c = -7*c + 200. What is the units digit of c?
0
Let g be (-171)/6*(-6)/9. Let a = g - 7. What is the units digit of a?
2
Let h = -63 + 96. What is the tens digit of h?
3
Let g(w) = w**2 - 8*w + 4. Let t be g(8). Suppose t*h - 8*h + 136 = 0. What is the units digit of h?
4
Let a(v) = -v**3 + 3*v**2 + 3*v. Suppose 0 = -2*w + 4*k + 8, 3*k + 11 = -3*w + 2*w. What is the tens digit of a(w)?
1
Suppose 0 = 4*d + 3*s + 3, -4*d + 2*s = -2*d + 12. What is the units digit of 1/d - (-340)/30?
1
Suppose -112 = -5*q + 753. What is the units digit of q?
3
Suppose -19 = -3*w + 134. What is the units digit of w?
1
Suppose v - 20 = 3*h, -5*v - 4*h = -10 - 14. Suppose -w + 7 = j, v = w + w. What is the units digit of j?
3
Let y(i) = i**2 - 2. Let g be y(2). Suppose g*p = p. Let j = 3 + p. What is the units digit of j?
3
Suppose 0 = -2*f + 5*s - 17, s - 3*s = -4*f + 6. Suppose 4*q = f*g + 3*q - 23, g - 4*q = 2. What is the units digit of g?
6
Suppose 0*c = -3*s - 2*c + 137, 195 = 5*s - 5*c. Suppose -2*h = -s - 23. What is the tens digit of h?
3
Let t(s) = s**3 - s**2 - s + 36. What is the units digit of t(0)?
6
Let w(c) = 2*c**2 - 7*c + 18. What is the units digit of w(7)?
7
Suppose -7*y = -4*y - 672. What is the hundreds digit of y?
2
Let f be (-46)/14 - 2/(-7). Let m(g) = -g**2 + 10*g - 12. Let k be m(9). What is the units digit of (-8)/k*f/(-2)?
4
What is the tens digit of (-552)/(-36) - 1/3?
1
Let m(h) = h + 7. Let f be m(-6). Let w(t) be the second derivative of t**5/2 + t**4/12 - t**3/6 + t**2/2 - t. What is the units digit of w(f)?
1
Suppose 0*w = 2*w - 64. What is the units digit of w?
2
Let h(n) = n**2 + n. Let z be h(1). Suppose 0*d - 2*d + z*q = -16, 0 = 4*d + 2*q - 44. Suppose 3*c = 2*b + d, 3*b - 32 = -4*c + b. What is the units digit of c?
6
Let d(a) = -3*a + 12. Let n(g) = 3*g - 12. Let t(b) = 2*d(b) + 3*n(b). What is the units digit of t(8)?
2
Let v(b) = 3*b - 1. Let w be v(2). Suppose w*t + 14 = 34. Suppose -3*y - 3 = -t*y. What is the units digit of y?
3
Let m = 107 - 7. Suppose 2*d = -0*d + m. What is the units digit of d?
0
Suppose -2 + 5 = -3*n. Let u(a) = a**3 + 3*a**2 - 6*a - 4. Let q be u(-4). What is the units digit of n/q - 98/(-8)?
2
Let r(o) = o**3 + 5*o**2 - 8*o - 7. Let j be r(-6). Let c = 7 + j. What is the tens digit of c?
1
What is the tens digit of (-19)/(3 + -1 + -3)?
1
Suppose 28 + 143 = 5*m - 3*p, 0 = -m + 3*p + 27. What is the tens digit of m?
3
What is the units digit of (10/(-3) + 3)*-33?
1
Let r(k) = 305*k**3 + 2*k**2 - 4*k + 3. What is the tens digit of r(1)?
0
What is the units digit of ((-1)/(-3))/((-7)/(-714))?
4
Let x(y) = -9*y**2 + 1 + 8*y**2 + 2*y**2 + 8*y - 2*y**2. Let m = 13 + -6. What is the units digit of x(m)?
8
Let r = -6 - -6. Suppose r = -3*f - 2*j + 44, -2*f - 12 = j - 40. What is the units digit of f?
2
Suppose -2*g + 924 = 2*g. What is the tens digit of g?
3
Let v = 16 - -66. What is the tens digit of v?
8
Let w = 85 - -1. What is the units digit of w?
6
Let d = -9 + 16. What is the units digit of d?
7
Suppose 7*v - 5*v = 668. What is the hundreds digit of v?
3
Suppose -6 = b - 8. Suppose 0 = 2*p - 5*i + 43, -i + 8 = -p - 3*i. Let x = b - p. What is the tens digit of x?
1
Let z be (-5)/(-4) + (-11)/44. What is the units digit of z*(0 + -1 + 3)?
2
Let o = -92 - -62. Let i = o - -46. What is the units digit of i?
6
Suppose -2*c = -1 - 1. Let q be c/((-1)/(-4)*1). Suppose 4*g = 4*j - g + 6, -q*j + 6 = g. What is the units digit of j?
1
Suppose -10*n = n - 22. Let j(s) = -4*s**3 - 3*s**2 - 5. Let z(p) = 5*p**3 + 3*p**2 + p + 6. Let a(y) = -4*j(y) - 3*z(y). What is the tens digit of a(n)?
1
Let u = 3 + -10. Let i = u - -18. What is the units digit of i?
1
Suppose 3*o = -4*w + 20, 0*o = -w + 4*o - 14. Let r = w - -4. What is the units digit of r?
6
Let r(k) = -8*k**2 - 3 + 6*k - k**2 - k**3 - 15*k. What is the units digit of r(-8)?
5
Let c(r) = 5*r**3 - 3*r**3 - r**2 + 4*r**2 - r**3. Let d be c(-2). What is the units digit of 30/3*d/10?
4
Let a(k) = k**3 - 3*k + 3. Let c be a(2). Suppose 0*p + 35 = -2*p + 5*r, c*r - 80 = 5*p. Let z = p - -22. What is the units digit of z?
7
Let h(d) = -9*d**2 - 2*d - 2. Let i(o) = 17*o**2 + 3*o + 4. Let y(u) = -11*h(u) - 6*i(u). Let w be y(2). What is the units digit of -6*(-2 + (-8)/w)?
4
Let n = 5 - 6. Let z be 138 + n + (-2)/2. What is the units digit of 4/(-22) - z/(-22)?
6
Suppose -5*w = -4*u + 32, 6 = -u - u - 3*w. Suppose -85 = -5*c + u*m + 48, -3*m = 3. Let v = c + -16. What is the tens digit of v?
1
Let t(y) be the second derivative of y**4/12 - y**2 - 2*y. Let u be t(-2). Suppose 0*c + 4 = u*c. What is the units digit of c?
2
Let p be ((-5)/(-10))/((-1)/(-10)). Suppose 3*d - 10 = p. Suppose -d*n = -n - 24. What is the units digit of n?
6
Suppose -3*v - 45 = -4*v. What is the units digit of v?
5
Let c(v) = -9*v + 2. Let b(u) = -u**3 - 6*u**2 - 5*u - 2. Let x = -14 - -9. Let s be b(x). What is the units digit of c(s)?
0
Suppose -i = 4*z - 33, z + 0*z = 2*i - 3. Suppose z*k - 32 = 45. What is the units digit of k?
1
Suppose 2*x + q - 125 = 4*q, -2*x - 2*q + 150 = 0. What is the units digit of x?
0
Let j(h) = -h**3 + h**2. Let n be j(1). Let p be (n - 3/1) + -1. Let k(y) = 2*y**2 + 6*y + 1. What is the units digit of k(p)?
9
Suppose -q - 3*q = -96. Suppose 6*u = 2*u + q. What is the units digit of u?
6
What is the units digit of 36 + -7 + 3*-1?
6
Suppose 3*n + s = 19 + 24, 3*n - s - 35 = 0. What is the units digit of n?
3
Suppose -2*l = -3*l - 7. Let w be l + 43 + (-2)/(-1). Let s = w + -27. What is the tens digit of s?
1
What is the tens digit of 132/5 + (-40)/100?
2
Let c(d) = -2*d**2 - 35*d + 5. What is the units digit of c(-13)?
2
Let p(k) = 2*k**2 - 3*k - 1. Let o be p(3). Let l = -3 + o. Suppose l*m = 3*d + 40, m - d + 5*d = -15. What is the units digit of m?
5
Suppose 3*x = 2*x + 4. Suppose 4*r = 5*l + 12, r = x*l - l + 3. Suppose 5*g = r*s - s + 23, -s = 4*g - 21. What is the units digit of g?
5
Suppose 2*y + 1 = -1. Let x = 2 - y. Suppose -o - 12 = -x*o. What is the units digit of o?
6
Suppose 7*t = 134 + 62. What is the units digit of t?
8
Let n(s) = -59*s**2 + 20*s - 17. Let c(r) = 20*r**2 - 7*r + 6. Let i(k) = -17*c(k) - 6*n(k). Let l be (2/(-4))/(2/(-4)). What is the units digit of i(l)?
3
Suppose -s = -4*s + 6. Suppose -s*m + 18 = 6*u - 2*u, 5*m = -5*u + 35. What is the units digit of (u/4)/((-2)/(-20))?
5
Suppose 0 = m - 3*c + 2, 8 = -4*m + c + 3*c. Let n be ((0/(-1))/m)/(-2). Suppose 3*x + 43 = 5*t + 2*x, n = 5*t - 3*x - 39. What is the units digit of t?
9
Let r(p) = 25*p**2 + 5. What is the hundreds digit of r(-4)?
4
Let x(m) = m**3 - 2*m**2 - 3*m - 4. Let z be x(4). Suppose t - 4*o - 12 = 0, 0 = 2*t + 4*o - 7*o - 9. Suppose t = 2*j - j - z. What is the units digit of j?
6
Let s be 3/(-15) - 1/(-5). Suppose -v + 14 = 4*u, 3*v - 2*u = -s*v - 14. What is the units digit of -3 - v - (-2 - 1)?
2
Let y be 2 - (-2 - (-2 - 4)). Let b = y - -12. What is the tens digit of b?
1
Suppose k - 41 = -2